Let s be (10/6)/(11/(-3) + 4). Suppose 9*t = k + s*t, -4 = -l*t. Give m(k).
-10
Let b = -28 + 28. Let q(f) = -6 + 3*f + b + 6. Let g = 4 + -1. Calculate q(g).
9
Let z(a) = 6*a - 3. Let c(m) = 6*m - 2*m - 2*m - 1. Suppose 2*t = -b + 12, 0*b - 5*b - 24 = -4*t. Let k(x) = t*z(x) - 17*c(x). Calculate k(4).
7
Let o be (-30)/(-18)*306/(-85). Let j(b) = b**2 + 10*b + 10. Let u(a) = a + 1. Let k(q) = j(q) - 4*u(q). What is k(o)?
6
Let g(k) = -k**3 + k**2 + 3*k + 2. Let i(n) = -n + 4. Let r be i(1). Calculate g(r).
-7
Let v(b) = 22*b - 21. Let j(w) = 25*w - 23. Let x(y) = -4*j(y) + 5*v(y). Calculate x(6).
47
Let i(b) be the second derivative of b**7/840 + b**6/144 + b**5/30 + 3*b**4/4 + 5*b. Let s(j) be the third derivative of i(j). Determine s(-3).
16
Let k(d) = 7*d + 6. Let c(w) = 5*w + 5 + 0*w - w + 2*w. Let s(o) = -5*c(o) + 4*k(o). Give s(1).
-3
Let o be 240/105 + 4/(-14). Let x(r) = 3*r - 5. Let f be x(o). Let p(w) = -w**3 + w - 1. What is p(f)?
-1
Let q(d) = d**2 + 10. Suppose -20 = -5*h + 5*n, 4*h - n - 16 = -12. What is q(h)?
10
Let w(p) = -p**3 - p + 2. Let o = 45 - 45. Suppose -2*z + 2*i = o, -4 = z + i - 0*i. Give w(z).
12
Let x(y) = 2*y - 6. Let z(u) = 6*u - 17. Let l(p) = -17*x(p) + 6*z(p). Suppose 8*j = 12*j + 20. Calculate l(j).
-10
Let q(a) = -8*a + 1. Let o(j) = -43*j - 26. Let r(h) = o(h) - 6*q(h). Determine r(6).
-2
Let i(x) be the second derivative of -x**4/12 + x**3/6 + x**2/2 + x. Let n = 23 - 6. Suppose 0 = 2*q + 11 - n. What is i(q)?
-5
Suppose 10*j = -16 + 26. Let x(b) = 3*b**3 - 2*b**2 + 2*b - 1. Determine x(j).
2
Let k(h) be the second derivative of 1/12*h**4 + 0 + 1/2*h**3 - 10*h + 3/2*h**2. Give k(-3).
3
Let i(b) be the second derivative of -b**4/6 + b**2/2 - 37*b. What is i(-2)?
-7
Let x be (1*-3)/(0 - -1). Let j(i) = i - 1. Let d(b) = -3. Let u(s) = 2*d(s) - 2*j(s). Calculate u(x).
2
Let t(b) = -3135 - b**2 + 4*b - b**2 + 3*b**2 + 3138. Determine t(-4).
3
Let l(s) = -s**2 + 4*s + 1. Let q(x) = -6*x**2 + 20*x + 18. Let p(a) = -5*l(a) + q(a). Give p(-8).
-51
Let v be 119/(-28) - (-1)/4 - -6. Let z(l) = -4*l**2 - 2*l + 3*l**2 + v - 2*l - 4*l. Determine z(-9).
-7
Let z(v) = -3*v**2 + 388*v**3 + 16*v - 389*v**3 - 3 - 19*v. Give z(-3).
6
Suppose 37 = -16*o - 27. Let i(f) = 3*f**2 + 4*f - 1. What is i(o)?
31
Let g(c) = c**2 - c - 8. Let k(i) = -5*i**2 + 11*i + 22. Let v(n) = 4*g(n) + k(n). What is v(3)?
2
Let l(y) = y**2 - 5*y + 1. Let a(u) = -6*u + 41. Let g be a(6). Let p be 10*(g - (-45)/(-10)). What is l(p)?
1
Suppose 18 = 5*p - 12. Suppose 2*a + p - 16 = 0. Let m(g) = g**2 - 5*g + 4. Determine m(a).
4
Let a(s) = -12*s - 2. Let z be a(1). Let u(l) = -l**2 - 15*l - 16. Calculate u(z).
-2
Let y(w) = w**3 - 4*w**2 + 3*w - 4. Suppose g = 3*n - 4, -g = -4*n + g + 4. Suppose 0 = -v - 3*q + 6, 2*v - 3 + n = 5*q. What is y(v)?
-4
Let q be (-10)/(-8)*(-2 + -2). Let u = -6 - q. Let b(d) be the second derivative of -d**5/20 + d**3/6 - 49*d - 3. What is b(u)?
0
Let b(l) = 2*l + 1. Suppose -6*z + 4 = -4*z. Suppose 0 = z*q + 5*q - 21. Calculate b(q).
7
Let r(s) = -s**3 - 9*s**2 - 9*s - 4. Let w be r(-8). Let m(a) = -w*a + a**2 + 6 + 0*a + a. Give m(4).
10
Let k(q) = -128*q + 902. Let m be k(7). Let v(h) be the first derivative of 1/2*h**2 - m + 9*h. Determine v(-7).
2
Let t(g) = 4 + 3*g - 1 - 3 - 6 + 0. Calculate t(4).
6
Let l(g) be the second derivative of g**5/20 - g**4/12 + g**2 + 15*g. Let k be l(2). Let r(c) be the first derivative of -c**2/2 + 3*c - 1. Calculate r(k).
-3
Let j = 234 + -231. Let a(z) = 2*z**2 - 3. Determine a(j).
15
Let x(u) = u**2 + 2 + 8 + 7*u - 1 + 6*u. Determine x(-13).
9
Suppose 4 = 4*k + 4*t - 8, -3*t = 15. Suppose -k + 3 = j. Let f(o) = -o**3 - 4 - 3*o + 2 - 7*o**2 + o**2 + 0*o. Calculate f(j).
-12
Let h(i) = i**2 - 7*i + 5. Let k be h(4). Let q(w) = 57*w - 27*w - 31*w + 2 - 3. What is q(k)?
6
Let w = -64 - -67. Let u(x) = -3*x**2 - 3*x**w + 29*x - 1 - 64*x + 34*x. Determine u(-2).
13
Let c(d) = 25*d + 1. Suppose 5*v - 21 + 26 = 0. Determine c(v).
-24
Let b(n) = -7*n**3 - 2*n**2 - 2*n - 1. Suppose 2*i + 20 = -2*f, f - i - 2 = i. Let g = f - -1. Let d be (-2 - -1)*(-4 - g). Give b(d).
6
Let f = -2 + 3. Let w(j) be the first derivative of j**4/2 - j**3/3 + j**2/2 - j - 73. Let g be w(f). Let u(a) = -a**3 + a - 1. What is u(g)?
-1
Let j(f) = -f**3 - 5*f**2 - 4*f - 1. Let t be 8/(-8) - 1*2. Let r be j(t). Let z(n) be the second derivative of -n**4/12 - 5*n**3/6 + 5*n**2/2 + 4*n. Give z(r).
-9
Let d(w) = 123*w**2 - 129*w**2 + 2*w**3 + 3*w**3 - 4*w**3 + 3. Calculate d(5).
-22
Let p(x) = x**2 - x - 2. Let n = -8 - -12. Suppose 4*v = -3*y - 2*y - 185, -y + n*v - 13 = 0. Let f = -30 - y. What is p(f)?
4
Suppose 4*t - 9 = 3*t. Suppose -2*v + t + 3 = 0. Let i(y) be the second derivative of -y**4/12 + y**3 - 2*y**2 + 64*y. Calculate i(v).
-4
Let p(z) = z**2 - 20*z + 3. Let y be (-6)/24 - 162/(-8). Let f be p(y). Suppose -f*k + 7*k - 10 = a, 5*a - 2*k = -32. Let n(r) = r**2 + 8*r + 8. Calculate n(a).
-4
Let g be (-1)/(-2)*168/(-12). Let s = 12 + g. Let w(j) = -j**2 + 6*j - 7. Determine w(s).
-2
Suppose -8 = y - i + 5*i, 2*y = 2*i + 14. Let g(f) = -f + 1. Give g(y).
-3
Suppose -9 = 33*l + 24. Let d(q) = -4*q**2. Determine d(l).
-4
Let a(r) = -9*r**3 + 1. Let w be 4/(-14) - (64/(-28) - 0). Suppose -w = -2*b - 4*j, 0 = -5*b + j + 5 - 0. Determine a(b).
-8
Let h(p) be the first derivative of 3*p**2/2 - p - 1. Let w be h(1). Let q(t) = w - 3 + 3 - 3*t + t. Determine q(-3).
8
Let u(l) be the first derivative of l**3/3 + 11*l**2/2 + 6*l + 158. Determine u(-10).
-4
Let f(d) be the second derivative of -d**4/12 + d**3 - 5*d**2/2 - d + 178. Suppose 0 = 5*g - 20. Give f(g).
3
Let n(v) be the first derivative of -v**7/840 + v**6/36 - v**5/12 + v**4/6 + 2*v**3/3 + 1. Let i(r) be the third derivative of n(r). Determine i(9).
-5
Let b(a) be the third derivative of a**7/2520 - a**6/180 - a**5/24 + 5*a**4/6 - 20*a**2. Let u(z) be the second derivative of b(z). What is u(5)?
0
Let s(v) = -5*v**3 + 17*v**2 - 11*v - 12. Let z(k) = -2*k**3 + 6*k**2 - 4*k - 4. Let g(r) = 3*s(r) - 8*z(r). Calculate g(2).
14
Let v = 13 + -8. Let d(n) = -3265*n**2 + 2 - 3 + 3266*n**2 + 5 - 4*n + 0. Give d(v).
9
Let a = -84 - -78. Let k be (-156)/18 + 7 - (-2)/a. Let h(v) = 3*v + 3. Determine h(k).
-3
Let k be 7 - ((-9)/6)/((-3)/8). Let p(r) = 2 + 21*r - 4 - 24*r. Calculate p(k).
-11
Let r(u) = u**3 - 4*u**2 - 4*u. Let k be r(5). Let i(l) be the second derivative of l**3/6 - 7*l**2/2 + 540*l. Give i(k).
-2
Let w(z) = -z**3 + 12*z**2 + 2*z - 13. Let i(v) = -16*v + 124. Let y be i(7). Give w(y).
11
Let z be (-1)/(-4 + (8 - 5)). Let j(a) = -1 - 8*a**3 - 4*a**3 + 2*a + 0*a + 2*a**3. Give j(z).
-9
Let m(r) = r**3 - 7*r**2 + 9*r - 3. Let v(o) = -10*o - 134. Let j be v(-14). Give m(j).
15
Let r(k) = 5*k - 1. Suppose -1 = -3*z + 4*z. Let n be r(z). Let x(s) = 3*s**3 - s. Let j(l) = -16*l**3 - 7*l**2 - l - 7. Let d(p) = j(p) + 5*x(p). What is d(n)?
-7
Suppose -2*q + 10 = -4. Let r = q - 10. Let d(s) = -2*s**2 - 3*s + 1. Determine d(r).
-8
Let m be 288/(-45)*(-10)/4. Let j be 7 - (m/4 - 0). Let a(c) = -3 - c + 3 - j. Give a(5).
-8
Let x(g) = 21*g + 840. Let f be x(-41). Let p(s) = -s**2 - 21*s - 2. Calculate p(f).
-2
Let b(c) = -10*c**2 + 19*c**2 - 11*c**2 - 9*c. Give b(-6).
-18
Let j(s) = -s**2 - 2*s + 3. Let v(y) = -y**2 - 3*y + 3. Let z(m) = 6*j(m) - 5*v(m). Suppose -10 = 39*q - 41*q. Give z(q).
-7
Let f(k) = -4*k. Let u(d) = 3*d. Let b(v) = 4*f(v) + 4*u(v). Let g(h) = -h**3 - h + 2. Let m be g(2). Let q be m/(-12)*3 + -6. Determine b(q).
16
Let a(z) = 34*z + 1019. Let q be a(-30). Let l(v) = 2*v. Give l(q).
-2
Let z be (60/50)/((-3)/10). Let b be (-3)/(-1 - z) - 4. Let w(x) be the first derivative of x**2 + 2*x + 1. Give w(b).
-8
Suppose -12 = -2*o - 4. Suppose -o*x + 21 = 5. Let j(c) be the second derivative of c**5/20 - 5*c**4/12 + c**3/2 + c**2 + 4*c. Determine j(x).
-2
Let w be (2 + 10/(-15))/((-1)/15). Let v = 17 - 16. Let t be (8/w)/(v/(-15)). Let m(g) = -g**3 + 5*g**2 + 5*g. What is m(t)?
-6
Let n(y) = y + 1. Let q(u) = -u**2 + 9*u + 5. Let z(i) = 5*n(i) - q(i). Let h(j) = -3*j**2 + 8*j. Let f(p) = -2*h(p) - 5*z(p). Calculate f(-3).
-3
Let r(b) be the third derivative of -b**4/12 - 2*b**3/3 + 85*b**2. Determine r(-5).
6
Let v be (-9)/2*8/6. Let c(g) = 6 - 830